3 + 6*g**2 - 6*g. Suppose 0 = 2*d + 1 + 9. Let m be f(d). Calculate the greatest common divisor of m and w.
11
Suppose 1567*w - 240 = 1552*w. Let n = -29 + 41. What is the greatest common factor of w and n?
4
Suppose 4*l + 0*l = -412. Let w = -27 - l. Let z = 156 - w. What is the greatest common divisor of 32 and z?
16
Let u = -70 + 359. Suppose 8*z + 1 = u. Suppose -3*l + z = l. Calculate the highest common divisor of l and 36.
9
Let j = -3165 + 3340. Suppose 0*d + d + z = 54, -188 = -4*d + 3*z. What is the highest common factor of d and j?
25
Suppose -35*f + 171*f = 8160. What is the highest common factor of f and 294?
6
Let l(r) = 6*r + 21 - 23*r + 5*r + 9*r. Let a be l(-2). What is the greatest common factor of a and 135?
27
Let i be 120 + 186 + (-1)/(2/(-4)). What is the greatest common factor of i and 35?
7
Let j(s) = 77*s**2 - 21*s + 13. Let w be j(1). What is the greatest common divisor of 713 and w?
23
Let u(d) = -6*d + 129. Let l = 163 + -143. Let z be u(l). What is the greatest common factor of z and 99?
9
Suppose 14*v = 10*v + 32. Suppose -v*i + 6*i = -40. Let k = 825 - 810. What is the greatest common factor of i and k?
5
Let v = 7556 + -7555. What is the greatest common factor of v and 252?
1
Suppose 10*f - n = 14*f - 24339, 15*f + 5*n = 91275. Calculate the highest common divisor of 24 and f.
12
Let j be 18/(-15)*35/(-21)*5. Let k be (31/j + 16/40)*38. Calculate the highest common factor of k and 7.
7
Let a be 70/(-6) - 77/33. Let w(n) = 4*n + 60. Let v be w(a). Suppose -2*h - 35 = -f - 15, 44 = 2*f - 3*h. What is the highest common factor of v and f?
4
Suppose -136*m + 5*g = -132*m - 22188, -3*g = 3*m - 16587. Calculate the greatest common factor of m and 98.
49
Let r be (19*26)/(-2)*-1. Let b be (-3*114/(-18))/(8/4 + -1). What is the greatest common divisor of r and b?
19
Let r be (-2 - (-168)/(-12))*4/(-2). Calculate the greatest common factor of r and 2136.
8
Let u be (3/(-1))/(21/(-21)). Let n be 149 + (u - -2) + -8. Suppose 4*i + 0*m = -2*m + n, 110 = 3*i + 2*m. Calculate the greatest common factor of i and 108.
36
Let a(o) = -5*o + 5. Let p be a(8). Let c = -16 - p. Let n be (-105)/(-70)*38/3. What is the highest common divisor of c and n?
19
Let b be (10/3)/((-15)/(-135)). Let n = 343 + -337. Calculate the greatest common factor of b and n.
6
Let c(s) = -4*s**3 + 28*s**2 - 24*s + 124. Let r be c(5). Calculate the greatest common factor of r and 384.
12
Let q(k) = -k**3 + 10*k**2 + 73*k - 609. Let j be q(9). What is the highest common divisor of 192 and j?
3
Let w be (-4 - 48/(-15))*(-10)/4. Suppose -16*p = -11*p + w*q - 964, 2*p + 5*q = 373. Calculate the highest common factor of p and 485.
97
Let w(b) = 509*b**3 + b**2 - 9*b + 9. Let l be w(1). Let y(n) = n + 10. Let f be y(7). Calculate the highest common divisor of f and l.
17
Let c = 18 + -7. Suppose -3*v + 8 + 12 = -5*d, 12 = 3*v + 3*d. Suppose l + v = 0, 4*q - 5*l - 157 = -0*l. Calculate the greatest common factor of q and c.
11
Let n(v) = v**3 - v**2 - 3*v + 5. Let k be n(4). Let q = 7090 + -7008. Calculate the highest common factor of q and k.
41
Suppose -2*s + 2 = 0, d - 3*s - s = 205. Suppose 18*y + 9 = 15*y. Let t be (8 - 7)/(y + 174/57). What is the highest common divisor of d and t?
19
Let k be ((-166)/(-6))/((-10)/10890*-33). Calculate the greatest common divisor of k and 83.
83
Let o = 85 + -75. Let p = -20 + 50. What is the highest common factor of p and o?
10
Let d be (0 - -1) + -1 + 40. Let f be (163 - 165)*(-10 - 0). What is the greatest common divisor of f and d?
20
Let g(f) = -1419*f + 5739. Let i be g(4). What is the greatest common factor of i and 24?
3
Let l(m) = m + 52. Let r be l(-40). Calculate the greatest common factor of r and 15324.
12
Suppose -3*n + 18 = -2*n. Suppose -5*w = v - 1890, v + 1619 - 485 = 3*w. What is the greatest common divisor of n and w?
18
Let k(l) = l**3 + 108*l + 174. Let c be k(0). What is the greatest common factor of 899 and c?
29
Suppose k = -4, -5*c - 3*k + 204 = -c. Suppose 25*j - 451266 + 448566 = 0. What is the greatest common factor of j and c?
54
Let k be (-33)/55 - (-1 - 163/5). Let q = -28 + k. Let v be (-12)/2*(38/(-6) + q). What is the greatest common divisor of 56 and v?
8
Let x = -4954 + 5244. Calculate the highest common factor of 1972 and x.
58
Let k = 8 + -4. Let v(x) = 23*x - 303. Let c be v(13). Let u be c*3*k/(-48). What is the greatest common divisor of u and 9?
1
Let s be 396/10 - 8/(-40)*2. Let t be (-3 + 1)/((-2)/24). What is the highest common factor of s and t?
8
Let f(p) = -3*p**2 + 150*p + 1. Let o be f(50). Let u = -93 - -94. Calculate the greatest common factor of o and u.
1
Suppose 0 = 6*q - 7 - 5. Let g be (-476)/(-6) + (-5)/((-15)/q). What is the highest common divisor of 60 and g?
20
Suppose 10*x + 1148 = 17*x. Suppose 4*z = i - 23 + 40, -3*z + 7 = 5*i. Calculate the greatest common factor of x and z.
4
Suppose 2 = -130*s + 131*s. Let a(b) = 49*b + 2. Let u be a(s). What is the highest common factor of u and 40?
20
Let y(x) = -2*x**3 + 14*x**2 + x - 4. Let z be y(7). Suppose 48 + 33 = z*j. Suppose -j + 13 = -7*d. What is the greatest common factor of d and 18?
2
Let j(a) = -a**2 + 282*a + 9226. Let p be j(-29). Let n = -6 + 6. Suppose n = 2*d - 7*d + 45. Calculate the greatest common factor of d and p.
9
Suppose 0*n + 960 = 5*n. Suppose w = -0*w - 4, -a + 5*w + 44 = 0. What is the greatest common divisor of n and a?
24
Let t be ((-76)/(-190))/((-2)/40). Let c be 10/(-20)*28*t. Let r = -12 - -44. Calculate the highest common divisor of c and r.
16
Let a(u) = -49*u - 5. Let w be a(5). Let x be ((-4)/10)/(2/w). Suppose -k - 2*j - 17 + 23 = 0, 3*k - 24 = -3*j. Calculate the highest common divisor of x and k.
10
Suppose -47*v - 147 = -5*o - 44*v, 2*o + 4*v - 64 = 0. What is the highest common divisor of o and 45?
15
Let g be (-3)/(7/(-2 + 9)) + 619. Calculate the greatest common divisor of g and 528.
88
Let q(z) = 14*z**2 - 39*z - 454. Let j be q(8). Suppose 0 = -4*o + y + 40 + 75, 3*o - 95 = -y. Calculate the highest common factor of o and j.
10
Let l(d) = -157*d - 155. Let b be l(-11). Calculate the highest common factor of 132 and b.
12
Let l = 12929 + -8249. What is the highest common factor of l and 910?
130
Suppose 250 + 114 = -p. Let r = p - -939. What is the highest common divisor of r and 23?
23
Let q(s) = -s**2 - 10*s - 16. Let z = -44 + 44. Let l = -6 + z. Let t be q(l). Calculate the highest common factor of t and 16.
8
Suppose 4*w - 2*c - 58 = 0, 2*w + 18*c = 22*c + 26. Let t(n) = 4*n - 7. Let p be t(8). What is the greatest common factor of w and p?
5
Suppose -4*p - 4*o = -0*p + 44, -o = -2*p - 16. Let i be ((-120)/p)/((-9)/(-27)). Suppose x + i = 172. Calculate the greatest common divisor of 12 and x.
12
Let n be 3*3/18*(5 + 1). Suppose -647 + 202 = -4*y - l, -327 = -n*y - 3*l. Suppose -7*o + 3*o + 112 = 0. Calculate the highest common factor of o and y.
28
Let v = 3 + 442. Suppose 2*a + 174 = s, 10 = -5*a + 10*a. What is the greatest common factor of s and v?
89
Let u(t) = -2*t**3 - 18*t**2 - 23*t + 19. Let r be u(-8). Calculate the highest common divisor of 270 and r.
15
Let n(z) = -162*z**2 - 7*z + 12. Let d be n(2). Let j be (13/(d/(-140)))/(1/10). What is the greatest common divisor of j and 224?
28
Suppose 0 = -304*n - 1326264 + 1608074 + 3042430. Calculate the highest common divisor of 270 and n.
135
Suppose 5*c - 4*z = 1464, 2*c - 160*z = -157*z + 580. What is the greatest common factor of c and 962?
74
Let q be 0 + (-2)/(10/(-3495)) + 1. What is the highest common factor of 84 and q?
28
Let y = -8606 + 14401. What is the greatest common factor of 285 and y?
95
Let p(j) = -120*j - 4754. Let w be p(-43). What is the highest common divisor of w and 58?
58
Let p(t) = 161*t**3 + 2*t**2 - 1. Let m be p(1). Let b = 25206 - 25200. What is the greatest common factor of m and b?
6
Suppose -10*c + 44866 = -6*c - 2*r, 3*c - 33652 = 2*r. Suppose -4284 + c = 21*n. What is the greatest common factor of 30 and n?
30
Let c(d) = d**3 - 45*d**2 + 164*d + 61. Let m be ((-1010)/(-25) - 6/(-10))*1. Let g be c(m). Calculate the greatest common factor of 1037 and g.
61
Suppose -233*r - 18*r = -6116 - 68431. Suppose -h + 2*o = 65, 140 = -2*h - h - 5*o. Let a be h/(-2) - (-2)/(-4). What 